{"id":10,"date":"2010-08-17T21:03:45","date_gmt":"2010-08-17T20:03:45","guid":{"rendered":"http:\/\/hammargardarna.se\/?page_id=10"},"modified":"2023-05-07T21:20:14","modified_gmt":"2023-05-07T19:20:14","slug":"styrelsen","status":"publish","type":"page","link":"https:\/\/hammargardarna.se\/?page_id=10","title":{"rendered":"Styrelsen"},"content":{"rendered":"<p class=\"MsoNormal\"><span style=\"font-family: Calibri;\">F\u00f6reningsst\u00e4mman 2023 valde f\u00f6ljande medlemmar som ordinarie styrelseledam\u00f6ter i Samf\u00e4llighetsf\u00f6reningen Hammarg\u00e5rdarna:<\/span><\/p>\n<p class=\"MsoNormal\"><span style=\"font-family: Calibri;\"><strong>Ordf\u00f6rande<br \/>\n<\/strong><em>Johan Bj\u00f6rk<\/em><\/span><\/p>\n<p class=\"MsoNormal\"><span style=\"font-family: Calibri;\"><b>Kass\u00f6r<br \/>\n<\/b><\/span><em>Lars Bergwall<\/em><\/p>\n<p class=\"MsoNormal\"><strong>Sekreterare<\/strong><br \/>\n<em>Kristina Lundeborg<\/em><\/p>\n<p class=\"MsoNormal\"><strong>Ledamot<br \/>\n<\/strong><em>Lars Petersson<br \/>\nRoger Domberg<br \/>\n\u00c5sa Hofring<\/em><\/p>\n<p class=\"MsoNormal\"><span style=\"font-family: Calibri;\">\u00a0<\/span><\/p>\n","protected":false},"excerpt":{"rendered":"<p>F\u00f6reningsst\u00e4mman 2023 valde f\u00f6ljande medlemmar som ordinarie styrelseledam\u00f6ter i Samf\u00e4llighetsf\u00f6reningen Hammarg\u00e5rdarna: Ordf\u00f6rande Johan Bj\u00f6rk Kass\u00f6r Lars Bergwall Sekreterare Kristina Lundeborg Ledamot Lars Petersson Roger Domberg \u00c5sa Hofring \u00a0<\/p>\n","protected":false},"author":1,"featured_media":0,"parent":0,"menu_order":2,"comment_status":"closed","ping_status":"closed","template":"","meta":[],"_links":{"self":[{"href":"https:\/\/hammargardarna.se\/index.php?rest_route=\/wp\/v2\/pages\/10"}],"collection":[{"href":"https:\/\/hammargardarna.se\/index.php?rest_route=\/wp\/v2\/pages"}],"about":[{"href":"https:\/\/hammargardarna.se\/index.php?rest_route=\/wp\/v2\/types\/page"}],"author":[{"embeddable":true,"href":"https:\/\/hammargardarna.se\/index.php?rest_route=\/wp\/v2\/users\/1"}],"replies":[{"embeddable":true,"href":"https:\/\/hammargardarna.se\/index.php?rest_route=%2Fwp%2Fv2%2Fcomments&post=10"}],"version-history":[{"count":12,"href":"https:\/\/hammargardarna.se\/index.php?rest_route=\/wp\/v2\/pages\/10\/revisions"}],"predecessor-version":[{"id":518,"href":"https:\/\/hammargardarna.se\/index.php?rest_route=\/wp\/v2\/pages\/10\/revisions\/518"}],"wp:attachment":[{"href":"https:\/\/hammargardarna.se\/index.php?rest_route=%2Fwp%2Fv2%2Fmedia&parent=10"}],"curies":[{"name":"wp","href":"https:\/\/api.w.org\/{rel}","templated":true}]}}