{"id":168,"date":"2011-03-07T20:07:31","date_gmt":"2011-03-07T19:07:31","guid":{"rendered":"http:\/\/hammargardarna.se\/?page_id=168"},"modified":"2023-05-07T21:21:47","modified_gmt":"2023-05-07T19:21:47","slug":"stamma-2","status":"publish","type":"page","link":"https:\/\/hammargardarna.se\/?page_id=168","title":{"rendered":"St\u00e4mma"},"content":{"rendered":"<p class=\"MsoNormal\"><strong style=\"mso-bidi-font-weight: normal;\"><span style=\"font-size: 16.0pt; font-family: Garamond;\">\u00c5rsst\u00e4mma f\u00f6r Samf\u00e4lligheten Hammarg\u00e5rdarna<\/span><\/strong><\/p>\n<p>F\u00f6reningsst\u00e4mma sker i kvartershuset.<br \/>\nMotioner till st\u00e4mman l\u00e4mna i brevl\u00e5dan som sitter p\u00e5 kvartershuset.<\/p>\n<p class=\"MsoNormal\"><span style=\"font-size: 16.0pt; font-family: Garamond;\">\u00a0<\/span><\/p>\n","protected":false},"excerpt":{"rendered":"<p>\u00c5rsst\u00e4mma f\u00f6r Samf\u00e4lligheten Hammarg\u00e5rdarna F\u00f6reningsst\u00e4mma sker i kvartershuset. Motioner till st\u00e4mman l\u00e4mna i brevl\u00e5dan som sitter p\u00e5 kvartershuset. \u00a0<\/p>\n","protected":false},"author":1,"featured_media":0,"parent":0,"menu_order":7,"comment_status":"closed","ping_status":"open","template":"","meta":[],"_links":{"self":[{"href":"https:\/\/hammargardarna.se\/index.php?rest_route=\/wp\/v2\/pages\/168"}],"collection":[{"href":"https:\/\/hammargardarna.se\/index.php?rest_route=\/wp\/v2\/pages"}],"about":[{"href":"https:\/\/hammargardarna.se\/index.php?rest_route=\/wp\/v2\/types\/page"}],"author":[{"embeddable":true,"href":"https:\/\/hammargardarna.se\/index.php?rest_route=\/wp\/v2\/users\/1"}],"replies":[{"embeddable":true,"href":"https:\/\/hammargardarna.se\/index.php?rest_route=%2Fwp%2Fv2%2Fcomments&post=168"}],"version-history":[{"count":7,"href":"https:\/\/hammargardarna.se\/index.php?rest_route=\/wp\/v2\/pages\/168\/revisions"}],"predecessor-version":[{"id":519,"href":"https:\/\/hammargardarna.se\/index.php?rest_route=\/wp\/v2\/pages\/168\/revisions\/519"}],"wp:attachment":[{"href":"https:\/\/hammargardarna.se\/index.php?rest_route=%2Fwp%2Fv2%2Fmedia&parent=168"}],"curies":[{"name":"wp","href":"https:\/\/api.w.org\/{rel}","templated":true}]}}