{"id":23,"date":"2010-08-23T20:16:21","date_gmt":"2010-08-23T19:16:21","guid":{"rendered":"http:\/\/hammargardarna.se\/?page_id=23"},"modified":"2019-04-10T22:10:48","modified_gmt":"2019-04-10T20:10:48","slug":"staddagar","status":"publish","type":"page","link":"https:\/\/hammargardarna.se\/?page_id=23","title":{"rendered":"St\u00e4ddagar"},"content":{"rendered":"<p>Styrelsen f\u00f6r Samf\u00e4llighetsf\u00f6reningen Hammarg\u00e5rdarna kallar samtliga medlemmar till tv\u00e5 st\u00e4ddagar per \u00e5r, i regel sista helgen i april samt andra helgen i oktober. Kallelse till st\u00e4ddagarna, med datum och detaljerad information, kommer i postl\u00e5dan.<\/p>\n<p>Under st\u00e4ddagarna ska vi ta extra hand om de gemensamma ytorna b\u00e5de inne i samlingslokalen och utomhus. Dagarna fyller \u00e4ven en social funktion d\u00e5 vi har chans att tr\u00e4ffas och umg\u00e5s.<\/p>\n<p>Medlemmar har ett gemensamt ansvar att f\u00f6rvalta samf\u00e4lligheten Hammarg\u00e5rdarna och alla medlemmar uppmanas att medverka p\u00e5 st\u00e4ddagarna.<\/p>\n","protected":false},"excerpt":{"rendered":"<p>Styrelsen f\u00f6r Samf\u00e4llighetsf\u00f6reningen Hammarg\u00e5rdarna kallar samtliga medlemmar till tv\u00e5 st\u00e4ddagar per \u00e5r, i regel sista helgen i april samt andra helgen i oktober. Kallelse till st\u00e4ddagarna, med datum och detaljerad information, kommer i postl\u00e5dan. Under st\u00e4ddagarna ska vi ta extra hand om de gemensamma ytorna b\u00e5de inne i samlingslokalen och utomhus. Dagarna fyller \u00e4ven en &hellip; <a href=\"https:\/\/hammargardarna.se\/?page_id=23\" class=\"more-link\">Forts\u00e4tt l\u00e4sa <span class=\"screen-reader-text\">St\u00e4ddagar<\/span> <span class=\"meta-nav\">&rarr;<\/span><\/a><\/p>\n","protected":false},"author":1,"featured_media":0,"parent":33,"menu_order":0,"comment_status":"closed","ping_status":"open","template":"","meta":[],"_links":{"self":[{"href":"https:\/\/hammargardarna.se\/index.php?rest_route=\/wp\/v2\/pages\/23"}],"collection":[{"href":"https:\/\/hammargardarna.se\/index.php?rest_route=\/wp\/v2\/pages"}],"about":[{"href":"https:\/\/hammargardarna.se\/index.php?rest_route=\/wp\/v2\/types\/page"}],"author":[{"embeddable":true,"href":"https:\/\/hammargardarna.se\/index.php?rest_route=\/wp\/v2\/users\/1"}],"replies":[{"embeddable":true,"href":"https:\/\/hammargardarna.se\/index.php?rest_route=%2Fwp%2Fv2%2Fcomments&post=23"}],"version-history":[{"count":5,"href":"https:\/\/hammargardarna.se\/index.php?rest_route=\/wp\/v2\/pages\/23\/revisions"}],"predecessor-version":[{"id":470,"href":"https:\/\/hammargardarna.se\/index.php?rest_route=\/wp\/v2\/pages\/23\/revisions\/470"}],"up":[{"embeddable":true,"href":"https:\/\/hammargardarna.se\/index.php?rest_route=\/wp\/v2\/pages\/33"}],"wp:attachment":[{"href":"https:\/\/hammargardarna.se\/index.php?rest_route=%2Fwp%2Fv2%2Fmedia&parent=23"}],"curies":[{"name":"wp","href":"https:\/\/api.w.org\/{rel}","templated":true}]}}