{"id":364,"date":"2015-03-16T20:41:39","date_gmt":"2015-03-16T19:41:39","guid":{"rendered":"http:\/\/hammargardarna.se\/?page_id=364"},"modified":"2015-03-16T20:41:58","modified_gmt":"2015-03-16T19:41:58","slug":"dagordning-2015","status":"publish","type":"page","link":"https:\/\/hammargardarna.se\/?page_id=364","title":{"rendered":"Dagordning 2015"},"content":{"rendered":"<p><b>Vattholma 2015-03-16<br \/>\n<\/b><b>Samf\u00e4llighetsf\u00f6reningen Hammarg\u00e5rdarna<br \/>\n<\/b><b>Organisationsnummer: 716401-5666<\/b><\/p>\n<p><span style=\"font-size: large;\"><b>Dagordning f\u00f6r ordinarie f\u00f6reningsst\u00e4mma 2015-03-22 kl. 1100, Kvartershuset<\/b><\/span><\/p>\n<ol>\n<li>\u00d6ppnande av f\u00f6reningsst\u00e4mman.<\/li>\n<li>Val av ordf\u00f6rande f\u00f6r st\u00e4mman.<\/li>\n<li>Val av sekreterare och tv\u00e5 justeringsm\u00e4n.<\/li>\n<li>Upprop och fullmakter.<\/li>\n<li>Fr\u00e5ga om f\u00f6reningsst\u00e4mmans beh\u00f6riga utlysande.<\/li>\n<li>Fastst\u00e4llande av dagordning.<\/li>\n<li>Styrelsens verksamhetsber\u00e4ttelse inklusive r\u00e4kenskapsber\u00e4ttelse.<\/li>\n<li>Revisionsber\u00e4ttelse.<\/li>\n<li>Ansvarsfrihet f\u00f6r styrelsen.<\/li>\n<li>Styrelsens f\u00f6rslag till utgifts- och inkomststat samt debiteringsl\u00e4ngd.<\/li>\n<li>Fastst\u00e4llande av \u00e5rsavgiften.<\/li>\n<li>Motioner fr\u00e5n medlemmarna.<\/li>\n<li>Antagande av utf\u00f6rare\/offert g\u00e4llande f\u00f6nsterbyte av fem f\u00f6nster p\u00e5 kvartershusets s\u00f6dra gavel. Se bilagan \u201dSammanfattning av offerter\u201d! Originalofferter finns hos ordf\u00f6randen.<\/li>\n<li>Inre upprustning av kvartershuset, Bj\u00f6rn Fahl\u00e9n. Arbetsgrupp.<\/li>\n<li>Underh\u00e5ll av f\u00f6nster p\u00e5 kvartershusets \u00f6stra och v\u00e4stra sidor. Arbetsgrupp.<\/li>\n<li>F\u00f6rslag fr\u00e5n styrelsen till n\u00e4stkommande styrelsen.<\/li>\n<\/ol>\n<ul>\n<li>Att lekstugan vid \u00f6vre lekplatsen rustas upp.<\/li>\n<li>Att det den d\u00f6da almen p\u00e5 kullen tas ner. Kan vi g\u00f6ra det sj\u00e4lva eller ska extern utf\u00f6rare anlitas?<\/li>\n<\/ul>\n<ol start=\"17\">\n<li>Val till styrelsen enligt rullande schema, se bilaga.\n<ol>\n<li>Styrelseordf\u00f6rande. VAKANT!<\/li>\n<li>Styrelseledam\u00f6ter<\/li>\n<li>Styrelsesuppleanter<\/li>\n<\/ol>\n<\/li>\n<li>Val av\n<ol>\n<li>Revisorer, enligt rullande schema, se bilaga.<\/li>\n<li>Revisorssuppleanter, enligt rullande schema, se bilaga.<\/li>\n<\/ol>\n<\/li>\n<li>Val av Flaggansvariga, enligt rullande schema, se bilaga.<\/li>\n<li>\u00d6vriga fr\u00e5gor.<\/li>\n<\/ol>\n<ul>\n<li>Uppsala stadsn\u00e4t. <span style=\"color: #0563c1;\"><span style=\"text-decoration: underline;\"><a href=\"http:\/\/www.uppsalastadsnat.se\/\">http:\/\/www.uppsalastadsnat.se\/<\/a><\/span><\/span><\/li>\n<\/ul>\n<ol start=\"21\">\n<li>Meddelande av plats d\u00e4r st\u00e4mmoprotokollet h\u00e5lls tillg\u00e4ngligt<\/li>\n<li>M\u00f6tet avslutas.<\/li>\n<\/ol>\n<p>Bilaga. Uppdrag i samf\u00e4llighetsf\u00f6reningen enligt rullande schema. Beslut taget p\u00e5 st\u00e4mman 2014-03-16 att rullande schema ska anv\u00e4ndas.<\/p>\n<p><strong>Styrelseledam\u00f6ter<\/strong><\/p>\n<p>265 Johan Jeansson<br \/>\n274 Lars Lindgren<br \/>\n279 Christine Norelius<br \/>\n284 Monika Junefelt<br \/>\n289 Rolf Klein<\/p>\n<p><strong>Styrelsesuppleanter<\/strong><\/p>\n<p>266 Adolfsson<br \/>\n271 L\u00f6\u00f6v\/Eriksson<br \/>\n275 Pers<br \/>\n282 Andersson\/Pettersson<br \/>\n285 Bernelind<\/p>\n<p><strong>Revisorer<\/strong><\/p>\n<p>277 Bergvall<br \/>\n267 Fahl\u00e9n<\/p>\n<p><strong>Revisorssuppleanter<\/strong><\/p>\n<p>287 Karpe<br \/>\n273 Petersson<\/p>\n<p><strong>Flaggansvariga<\/strong><\/p>\n<p>282 Andersson\/Pettersson<br \/>\n283 Domberg<\/p>\n","protected":false},"excerpt":{"rendered":"<p>Vattholma 2015-03-16 Samf\u00e4llighetsf\u00f6reningen Hammarg\u00e5rdarna Organisationsnummer: 716401-5666 Dagordning f\u00f6r ordinarie f\u00f6reningsst\u00e4mma 2015-03-22 kl. 1100, Kvartershuset \u00d6ppnande av f\u00f6reningsst\u00e4mman. Val av ordf\u00f6rande f\u00f6r st\u00e4mman. Val av sekreterare och tv\u00e5 justeringsm\u00e4n. Upprop och fullmakter. Fr\u00e5ga om f\u00f6reningsst\u00e4mmans beh\u00f6riga utlysande. Fastst\u00e4llande av dagordning. Styrelsens verksamhetsber\u00e4ttelse inklusive r\u00e4kenskapsber\u00e4ttelse. Revisionsber\u00e4ttelse. Ansvarsfrihet f\u00f6r styrelsen. Styrelsens f\u00f6rslag till utgifts- och inkomststat samt debiteringsl\u00e4ngd. &hellip; <a href=\"https:\/\/hammargardarna.se\/?page_id=364\" class=\"more-link\">Forts\u00e4tt l\u00e4sa <span class=\"screen-reader-text\">Dagordning 2015<\/span> <span class=\"meta-nav\">&rarr;<\/span><\/a><\/p>\n","protected":false},"author":1,"featured_media":0,"parent":205,"menu_order":0,"comment_status":"closed","ping_status":"closed","template":"","meta":[],"_links":{"self":[{"href":"https:\/\/hammargardarna.se\/index.php?rest_route=\/wp\/v2\/pages\/364"}],"collection":[{"href":"https:\/\/hammargardarna.se\/index.php?rest_route=\/wp\/v2\/pages"}],"about":[{"href":"https:\/\/hammargardarna.se\/index.php?rest_route=\/wp\/v2\/types\/page"}],"author":[{"embeddable":true,"href":"https:\/\/hammargardarna.se\/index.php?rest_route=\/wp\/v2\/users\/1"}],"replies":[{"embeddable":true,"href":"https:\/\/hammargardarna.se\/index.php?rest_route=%2Fwp%2Fv2%2Fcomments&post=364"}],"version-history":[{"count":2,"href":"https:\/\/hammargardarna.se\/index.php?rest_route=\/wp\/v2\/pages\/364\/revisions"}],"predecessor-version":[{"id":369,"href":"https:\/\/hammargardarna.se\/index.php?rest_route=\/wp\/v2\/pages\/364\/revisions\/369"}],"up":[{"embeddable":true,"href":"https:\/\/hammargardarna.se\/index.php?rest_route=\/wp\/v2\/pages\/205"}],"wp:attachment":[{"href":"https:\/\/hammargardarna.se\/index.php?rest_route=%2Fwp%2Fv2%2Fmedia&parent=364"}],"curies":[{"name":"wp","href":"https:\/\/api.w.org\/{rel}","templated":true}]}}